787 = -3*f. Calculate the remainder when i is divided by 50.
49
Suppose 104 = 23*y - 21*y. What is the remainder when y is divided by 31?
21
Suppose -22*s + 18*s + 20 = 0. Suppose 0*p + p = -5*k + 85, s*p + 55 = 5*k. What is the remainder when k is divided by 6?
4
What is the remainder when 594 is divided by (-10)/(-60) + ((-1207)/6)/(-17)?
6
Calculate the remainder when 46 is divided by ((-16)/6 + 2)/(14/(-105)).
1
Suppose -283 - 267 = q. Let j = q - -807. Calculate the remainder when j is divided by 13.
10
Let s(z) = 14*z + 239. What is the remainder when s(-13) is divided by 10?
7
Suppose 3*o - 5 = 4, 133 = 4*q + 3*o. Let d = 75 - q. What is the remainder when d is divided by 15?
14
Suppose 10*p - 390 = -16*p. Let v(o) = o**2 - 11*o + 16. Suppose -s - 4*l = 3*s - 44, -5*s + 65 = -5*l. What is the remainder when v(s) is divided by p?
13
Let f(k) = 5 + 4*k - 2*k - 2*k - k. Let i be f(3). Suppose i*p - 11 = p. What is the remainder when 32 is divided by p?
10
Let l = -88 + 125. What is the remainder when l is divided by 35/2 + (-30)/(-12)?
17
Let q(t) = 9*t + 3. Let z(m) = 28*m + 8. Let b(n) = -14*q(n) + 4*z(n). Calculate the remainder when 122 is divided by b(-3).
26
Suppose i + 41*c - 296 = 45*c, 0 = -5*i - 2*c + 1436. Calculate the remainder when i is divided by 117.
54
Let z(h) = -13*h**3 - h**2 - h. Suppose 5*k - 143 - 30 = 2*i, -2*k = 2*i + 138. Let y = -50 - i. Calculate the remainder when y is divided by z(-1).
11
Suppose 281 = m - n, 4*m - 102*n + 100*n - 1128 = 0. Calculate the remainder when m is divided by 19.
17
Let s = -26 + 29. Suppose s*y + 5 + 4 = 0, 9 = -3*g - 5*y. Suppose 480 = 5*b + 2*t, 4*b + g*t - 179 = 203. Calculate the remainder when b is divided by 25.
23
Suppose 285*q - 287*q + 144 = -5*x, 2*x - 235 = -3*q. What is the remainder when 1230 is divided by q?
75
Suppose 320 = -42*n + 46*n. What is the remainder when n is divided by 16?
0
Suppose 0*w + w + a = 1, a = 2*w - 2. What is the remainder when (5 + -1)/(432/324) is divided by w?
0
Suppose -60*w + 650 = -56*w - 2*c, 5*w - c = 805. What is the remainder when w is divided by 19?
8
Suppose 2*s = -4*n + 92, -2*n = 7*s - 5*s - 92. Calculate the remainder when 88 is divided by s.
42
Let l = -906 + 916. What is the remainder when 1088 is divided by l?
8
Let z = -436 - -839. Suppose 0 = -8*x - 27 + z. Calculate the remainder when x is divided by 13.
8
Let h be 378/21 - 3/(6/8). Calculate the remainder when 3*((-1 - -1) + 1) is divided by 209/133 + 6/h.
1
Let k(h) = 5*h + 8. Let m be k(-4). Let z = 15 + m. Calculate the remainder when z is divided by 2.
1
What is the remainder when 17 + -8 - 12*-5 is divided by 46?
23
Let t(i) = 63*i + 576. Suppose -3*j + 5*j - 4*s = 22, j = -s + 14. Calculate the remainder when j is divided by t(-9).
4
Let k(u) = -u**2 + 7*u + 20. Suppose -8*f = -5*f - 24. What is the remainder when 47 is divided by k(f)?
11
Suppose -5*t - 4*v = -25, 3*t + 5*v = v + 15. Let c be ((-486)/(-30) - 3)/(6/20). Suppose 15*a - 11*a = c. What is the remainder when a is divided by t?
1
Suppose 0 = -5*t - 25, -3*t - 27 - 81 = -3*h. What is the remainder when h is divided by 5?
1
Calculate the remainder when (2 - (-1096)/24) + 1/3 is divided by 19.
10
Let a(c) = c**3 + 15*c**2 - 35*c + 13. Suppose 2*f - 2*k = 164, -4*k = -2*f + 104 + 52. What is the remainder when f is divided by a(-17)?
26
Suppose -4*o = 59 - 87. Let l(s) = 49*s - 8. Calculate the remainder when l(o) is divided by 48.
47
Let z = -4 + 11. Suppose -7*m = -4*m + 3. What is the remainder when (m + (-10)/(-4))*18 is divided by z?
6
Suppose -36*w + 28 = -34*w. Let t(j) = -j + 4. Let f be t(0). Suppose 43 = -2*y + 7*y + r, -f = y - 4*r. Calculate the remainder when w is divided by y.
6
Suppose -7*a - 1 = -4*a + 2*b, 4*b + 5 = -3*a. What is the remainder when 8 is divided by a?
0
Let j(r) = 5*r + 343. Calculate the remainder when j(-47) is divided by 29.
21
Suppose -24 = -2*j + 24. Let b = 835 - 821. Calculate the remainder when j is divided by b.
10
Let n(s) = 28*s**2 - 10*s + 63. Calculate the remainder when n(6) is divided by 92.
91
Suppose m = 2*v - 48, v + 2*m = -0*m + 14. Suppose -5*u = -v - 58. Calculate the remainder when 92/(-3)*(-9)/6 is divided by u.
14
Suppose 8*k = -0 + 32. What is the remainder when ((-114)/9)/(k/(-6)) is divided by 10?
9
Suppose -30 = -7*w + 12*w. Let z = 35 + w. Calculate the remainder when z is divided by 10.
9
Let h = 284 - 267. Suppose -4*n + 24 = -0*n. What is the remainder when h is divided by n?
5
Let b(h) = 3*h**3 + 22*h**2 + 5*h + 12. What is the remainder when 129 is divided by b(-7)?
25
Let n = 33 - 19. Suppose -2*p + 76 = 2*b, -23*b + 5*p - 110 = -26*b. What is the remainder when b is divided by n?
12
Let n(t) = -65*t + 871. Calculate the remainder when 545 is divided by n(13).
25
Let h(u) = -u**3 + 4*u**2 + 7*u - 8. Let i be h(4). What is the remainder when 31 is divided by (-12)/21*-2*35/i?
1
Let c(w) = -3*w**2 + 1. Let z = 5 - 12. Let q be c(z). Calculate the remainder when 42 is divided by (-10)/(-25) - q/10.
12
Let k = 6 - 4. What is the remainder when ((-208)/(-168)*-3 + 2)/((-4)/14) is divided by (-1)/k + 15/6?
0
Let i be 5/((-30)/4)*-6. Suppose 0 = 5*c - i*z - 125, 4*z - 24 - 1 = -c. Calculate the remainder when 93 is divided by c.
18
Let s(f) = f - 9. Let x be s(-4). Let r(u) = u + 23. What is the remainder when 37 is divided by r(x)?
7
Let k be 3*-55*(-6)/(-15). Let w = -27 - k. Suppose 2*d - 3*d + 23 = -3*i, -2*i + 36 = 3*d. What is the remainder when w is divided by d?
11
Suppose -10*h + 15*h - 745 = 0. Suppose -142 - h = -3*v. What is the remainder when v is divided by 25?
22
Suppose 27 = -4*f + 155. Suppose -5*b + f = -a + 2*a, -3*b + 9 = 4*a. Let p = -9 + 34. What is the remainder when p is divided by b?
4
Suppose -p + u + 1 = 0, u - 5 = -p + 4. Suppose 4*d - 2*l = 2*l + 48, -l - 60 = -p*d. Calculate the remainder when d is divided by 5.
2
Let f = -11182 + 11191. Let a = -1 + 1. Suppose a = -t + 2*d + 6, 7*t - 3*d = 2*t + 16. Calculate the remainder when f is divided by t.
1
Let h = -65 + 117. Let n = -130 + 220. Suppose 2*q + 3*q - n = 0. Calculate the remainder when h is divided by q.
16
Let r be (-16)/(-8) - (8 - 1). What is the remainder when 39 is divided by -2*(-10 - r)*(4 + -2)?
19
What is the remainder when 165 is divided by ((-135)/6)/9*-6?
0
Let v = -29 + 69. Let w = -27 + v. Suppose f = -w + 32. What is the remainder when 55 is divided by f?
17
Let k(b) = -2*b**2 - 38*b - 34. What is the remainder when k(-17) is divided by 9?
7
What is the remainder when 56 is divided by (-1722)/(-91) + 2/26?
18
Let h = -12 + 31. What is the remainder when h is divided by 13?
6
Let h(l) = l**2 + 36*l + 24. What is the remainder when (2/3)/((-6)/(-855)) is divided by h(-36)?
23
Suppose 3*c - 3*g - 7 = 2, -5*c + 3*g + 13 = 0. Suppose 76 = 3*k + 4*j, 0*k = -c*k - j + 44. Calculate the remainder when k is divided by -1 + (-1 - 0) + 14.
8
Let b = 1380 + -1360. What is the remainder when 106 is divided by b?
6
Let j = -7 - -12. Suppose 10 = -j*d + 45. Calculate the remainder when 9 is divided by d.
2
Let j(u) = -u**3 - 9*u**2 - 11*u + 5. Let f be j(-8). Let s = f + -22. Let z = -8 + 35. Calculate the remainder when z is divided by s.
6
Let m(h) = h**2 + 6*h - 8. Let n(b) = 38*b - b**2 + 4 - 45*b - 6. Let i be n(-6). What is the remainder when m(i) is divided by 11?
10
Suppose -3*u + 228 = 4*p + u, -4*p - 2*u = -218. Suppose 15 = -5*j, -4*w + j = -0*j - 471. Let k = w + -106. What is the remainder when p is divided by k?
8
What is the remainder when 108 is divided by -6 - (-3)/((-6)/(-4)) - -15?
9
Let v be 200/10*(-4)/(-5). Suppose v = -5*j + 36. Suppose -s = -4*r - 90, j*s + 5*r - 13 = 305. Calculate the remainder when s is divided by 21.
19
Let x = 57 + -52. Suppose -u - a = u - 52, -85 = -3*u - x*a. Let g(q) = q**3 + 10*q**2 + 9*q + 9. What is the remainder when g(-6) is divided by u?
24
Let d(w) = 21*w**2 - 2. Suppose 3*o - 1 + 7 = 0. Let z(q) = q**2 + 3*q - 60. Calculate the remainder when d(o) is divided by z(-11).
26
Suppose 2*c - 17 = 3*k - 0*k, c + 2*k - 5 = 0. Suppose -5*t - 7 - 28 = 0. What is the remainder when -47*t/(c/2) is divided by 24?
22
What is the remainder when 263 is divided by 4/(-266)*7 + 268/19?
11
Let w be 42*((-12)/4 + 1). Let h 